{"id":807,"date":"2013-06-11T12:57:38","date_gmt":"2013-06-11T10:57:38","guid":{"rendered":"http:\/\/www.voipmaster.ee\/?page_id=807"},"modified":"2013-06-11T12:57:38","modified_gmt":"2013-06-11T10:57:38","slug":"budgetone-100-seeria-telefonide-klahvistik","status":"publish","type":"page","link":"https:\/\/www.voipmaster.ee\/?page_id=807","title":{"rendered":"BudgeTone-100 seeria telefonide klahvistik"},"content":{"rendered":"<p><strong>Helina nivoo seadmine<\/strong><\/p>\n<p>Kui kuuldetoru on hargil, saab nooleklahvidega seada telefonihelina nivood.<\/p>\n<p><strong>Helitugevuse seadmine<\/strong><\/p>\n<p>Kui kuuldetoru on hargilt maas, saab nooleklahvidega seada k\u00f5ne helitugevust.<\/p>\n<p><strong>MENU<\/strong><\/p>\n<p>Kui kuuldetoru on hargil, aktiveerib klahvi vajutus telefoni seadete men\u00fc\u00fc. Men\u00fc\u00fcs liikumiseks kasuta nooleklahve.<br \/>\nKui kuuldetoru on hargilt maas, kuvab klahvi vajutus ekraanile telefoni IP-\u00adaadressi.<\/p>\n<p><strong>CALLED<\/strong><\/p>\n<p>Kui kuuldetoru on hargilt maas, kuvatakse korduval vajutamisel j\u00e4rgem\u00f6\u00f6da viimased 20 valitud numbrit. Kuvatavale numbrile saab helistada, vajutades <strong>&#8220;SEND&#8221;<\/strong>.<\/p>\n<p><strong>CALLERS<\/strong><\/p>\n<p>Kui kuuldetoru on hargilt maas, kuvatakse korduval vajutamisel j\u00e4rgem\u00f6\u00f6da viimased 20 sissehelistanud numbrit. Kuvatavale numbrile saab helistada, vajutades <strong>&#8220;SEND&#8221;<\/strong>.<\/p>\n<p><strong>MESSAGE<\/strong><\/p>\n<p>Klahvi vajutamisel helistab telefon k\u00f5nepostkasti. Seej\u00e4rel teadustatakse Sulle j\u00e4etud s\u00f5numite arv ja antakse v\u00f5imalus s\u00f5numeid kuulata ja kustutada.<\/p>\n<p><strong>HOLD<\/strong><\/p>\n<p>Klahvi vajutamisel pannakse aktiivne k\u00f5ne ootele.<br \/>\nKlahvi teistkordsel vajutamisel \u00adv\u00f5etakse aktiivne k\u00f5ne tagasi.<\/p>\n<p><strong>TRANSFER<\/strong><\/p>\n<p>Klahvi kasutatakse aktiivse k\u00f5ne edasi\u00fchendamiseks teisele telefonile.<\/p>\n<p><strong>MUTE<\/strong><\/p>\n<p>Klahvi vajutamisel l\u00fclitub telefoni mikrofon v\u00e4lja ning vastaspool ei kuule k\u00f5net.<br \/>\nKlahvi teistkordsel vajutamisel l\u00fclitub telefoni mikrofon uuesti sisse.<\/p>\n<p><strong>SEND<\/strong><\/p>\n<p>Klahvi kasutatakse sisestatud numbri valimiseks. Toimib ka viimati valitud numbri kordusvalimise nupuna.<\/p>\n<p><strong>SPEAKERPHONE<\/strong><\/p>\n<p>Klahvi vajutus aktiveerib telefoni \u00abk\u00e4ed-vaba\u00bb funktsiooni.<br \/>\nK\u00f5ne siirdub uuesti kuuldetorule telefoni kuuldetoru pesas olevat l\u00fclitit vajutades.<\/p>\n<p><em><strong>NB!<\/strong> Teistkordsel <strong>&#8220;SPEAKERPHONE&#8221;<\/strong> vajutusel k\u00f5ne katkeb!<\/em><\/p>\n<p><strong>CONFERENCE<\/strong><\/p>\n<p>Klahvil puudub funktsioon.<\/p>\n<p><strong>FLASH<\/strong><\/p>\n<p>L\u00fclitab kahe \u00fcheaegse k\u00f5ne vahel. Kasutatakse ka edasi\u00fchendamiseks.<\/p>\n","protected":false},"excerpt":{"rendered":"<p>Helina nivoo seadmine Kui kuuldetoru on hargil, saab nooleklahvidega seada telefonihelina nivood. Helitugevuse seadmine Kui kuuldetoru on hargilt maas, saab nooleklahvidega seada k\u00f5ne helitugevust. MENU Kui kuuldetoru on hargil, aktiveerib klahvi vajutus telefoni seadete men\u00fc\u00fc. Men\u00fc\u00fcs liikumiseks kasuta nooleklahve. Kui kuuldetoru on hargilt maas, kuvab klahvi vajutus ekraanile telefoni IP-\u00adaadressi. CALLED Kui kuuldetoru on hargilt &hellip; <a href=\"https:\/\/www.voipmaster.ee\/?page_id=807\" class=\"more-link\">Loe edasi: <span class=\"screen-reader-text\">BudgeTone-100 seeria telefonide klahvistik<\/span><\/a><\/p>\n","protected":false},"author":2,"featured_media":0,"parent":217,"menu_order":0,"comment_status":"closed","ping_status":"open","template":"","meta":{"footnotes":""},"class_list":["post-807","page","type-page","status-publish","hentry"],"_links":{"self":[{"href":"https:\/\/www.voipmaster.ee\/index.php?rest_route=\/wp\/v2\/pages\/807","targetHints":{"allow":["GET"]}}],"collection":[{"href":"https:\/\/www.voipmaster.ee\/index.php?rest_route=\/wp\/v2\/pages"}],"about":[{"href":"https:\/\/www.voipmaster.ee\/index.php?rest_route=\/wp\/v2\/types\/page"}],"author":[{"embeddable":true,"href":"https:\/\/www.voipmaster.ee\/index.php?rest_route=\/wp\/v2\/users\/2"}],"replies":[{"embeddable":true,"href":"https:\/\/www.voipmaster.ee\/index.php?rest_route=%2Fwp%2Fv2%2Fcomments&post=807"}],"version-history":[{"count":2,"href":"https:\/\/www.voipmaster.ee\/index.php?rest_route=\/wp\/v2\/pages\/807\/revisions"}],"predecessor-version":[{"id":809,"href":"https:\/\/www.voipmaster.ee\/index.php?rest_route=\/wp\/v2\/pages\/807\/revisions\/809"}],"up":[{"embeddable":true,"href":"https:\/\/www.voipmaster.ee\/index.php?rest_route=\/wp\/v2\/pages\/217"}],"wp:attachment":[{"href":"https:\/\/www.voipmaster.ee\/index.php?rest_route=%2Fwp%2Fv2%2Fmedia&parent=807"}],"curies":[{"name":"wp","href":"https:\/\/api.w.org\/{rel}","templated":true}]}}